 of 9360182?
2
What is the units digit of 3372107?
7
What is the units digit of 20942?
2
What is the units digit of 706078?
8
What is the hundred thousands digit of 1469207?
4
What is the millions digit of 1229070?
1
What is the units digit of 3382120?
0
What is the tens digit of 5971940?
4
What is the tens digit of 724485?
8
What is the hundred thousands digit of 588792?
5
What is the hundred thousands digit of 591845?
5
What is the ten thousands digit of 107385?
0
What is the hundreds digit of 20505316?
3
What is the millions digit of 17761234?
7
What is the hundred thousands digit of 5099032?
0
What is the tens digit of 2874033?
3
What is the tens digit of 194239?
3
What is the hundred thousands digit of 264978?
2
What is the hundred thousands digit of 315767?
3
What is the hundreds digit of 927530?
5
What is the thousands digit of 173861?
3
What is the hundreds digit of 683720?
7
What is the units digit of 864?
4
What is the thousands digit of 89366?
9
What is the ten thousands digit of 289825?
8
What is the tens digit of 185300?
0
What is the millions digit of 1314197?
1
What is the hundred thousands digit of 808915?
8
What is the tens digit of 14141445?
4
What is the tens digit of 34824?
2
What is the hundreds digit of 18879423?
4
What is the hundreds digit of 3083860?
8
What is the hundreds digit of 9060916?
9
What is the units digit of 2526462?
2
What is the millions digit of 4112530?
4
What is the units digit of 53358?
8
What is the ten thousands digit of 132044?
3
What is the thousands digit of 94251?
4
What is the millions digit of 1546920?
1
What is the thousands digit of 2568316?
8
What is the thousands digit of 1186845?
6
What is the units digit of 75?
5
What is the millions digit of 3324424?
3
What is the ten thousands digit of 282988?
8
What is the hundreds digit of 366659?
6
What is the millions digit of 1959842?
1
What is the thousands digit of 16994774?
4
What is the hundreds digit of 325342?
3
What is the ten thousands digit of 250705?
5
What is the units digit of 292468?
8
What is the ten thousands digit of 384328?
8
What is the units digit of 125020?
0
What is the tens digit of 709387?
8
What is the hundreds digit of 1165073?
0
What is the hundreds digit of 16720?
7
What is the millions digit of 4088754?
4
What is the millions digit of 3089456?
3
What is the tens digit of 1178232?
3
What is the tens digit of 394272?
7
What is the ten thousands digit of 52619?
5
What is the millions digit of 28253095?
8
What is the thousands digit of 2961734?
1
What is the millions digit of 2984396?
2
What is the hundreds digit of 1668336?
3
What is the millions digit of 1454631?
1
What is the thousands digit of 661178?
1
What is the ten thousands digit of 482142?
8
What is the thousands digit of 1683405?
3
What is the thousands digit of 7758294?
8
What is the tens digit of 1589868?
6
What is the units digit of 353101?
1
What is the hundreds digit of 11440472?
4
What is the hundred thousands digit of 416731?
4
What is the ten thousands digit of 269491?
6
What is the hundreds digit of 158766?
7
What is the hundreds digit of 130827?
8
What is the ten thousands digit of 314131?
1
What is the hundred thousands digit of 33388437?
3
What is the hundred thousands digit of 201578?
2
What is the hundreds digit of 4454006?
0
What is the ten millions digit of 19999495?
1
What is the units digit of 1058293?
3
What is the thousands digit of 15391400?
1
What is the tens digit of 129857?
5
What is the units digit of 2134167?
7
What is the hundreds digit of 4887407?
4
What is the ten thousands digit of 6184583?
8
What is the hundred thousands digit of 9917762?
9
What is the ten thousands digit of 2165820?
6
What is the units digit of 707299?
9
What is the hundred thousands digit of 1005535?
0
What is the tens digit of 104660?
6
What is the tens digit of 1099275?
7
What is the millions digit of 6444835?
6
What is the ten thousands digit of 1191622?
9
What is the tens digit of 5181310?
1
What is the thousands digit of 3226906?
6
What is the hundred thousands digit of 17361640?
3
What is the hundreds digit of 3615214?
2
What is the hundreds digit of 18932511?
5
What is the units digit of 4710509?
9
What is the units digit of 7072546?
6
What is the hundred thousands digit of 257171?
2
What is the ten thousands digit of 2616877?
1
What is the hundreds digit of 292605?
6
What is the tens digit of 185808?
0
What is the thousands digit of 208036?
8
What is the thousands digit of 912804?
2
What is the hundreds digit of 495371?
3
What is the hundreds digit of 1550470?
4
What is the hundreds digit of 1883712?
7
What is the thousands digit of 1263376?
3
What is the millions digit of 1747278?
1
What is the ten thousands digit of 650784?
5
What is the hundreds digit of 298913?
9
What is the hundreds digit of 74832?
8
What is the hundred thousands digit of 12946459?
9
What is the hundred thousands digit of 385471?
3
What is the units digit of 115766?
6
What is the units digit of 898111?
1
What is the millions digit of 1911543?
1
What is the hundreds digit of 6877293?
2
What is the hundred thousands digit of 2208033?
2
What is the hundred thousands digit of 2177984?
1
What is the hundred thousands digit of 782929?
7
What is the hundred thousands digit of 460802?
4
What is the units digit of 168672?
2
What is the units digit of 7607902?
2
What is the ten thousands digit of 8245331?
4
What is the millions digit of 16776636?
6
What is the tens digit of 4872943?
4
What is the tens digit of 123820?
2
What is the units digit of 915311?
1
What is the thousands digit of 7230914?
0
What is the ten thousands digit of 430362?
3
What is the hundreds digit of 442210?
2
What is the units digit of 38103754?
4
What is the units digit of 2848821?
1
What is the hundreds digit of 131115?
1
What is the ten thousands digit of 5186456?
8
What is the hundreds digit of 573710?
7
What is the hundreds digit of 2888257?
2
What is the tens digit of 469257?
5
What is the tens digit of 160285?
8
What is the tens digit of 2441865?
6
What is the millions digit of 1592448?
1
What is the hundred thousands digit of 3318998?
3
What is the thousands digit of 577267?
7
What is the hundreds digit of 1255788?
7
What is the millions digit of 16345030?
6
What is the units digit of 2311142?
2
What is the tens digit of 274105?
0
What is the thousands digit of 146465?
6
What is the hundreds digit of 9191057?
0
What is the thousands digit of 2210555?
0
What is the thousands digit of 6613996?
3
What is the units digit of 207853?
3
What is the hundred thousands digit of 2418499?
4
What is the hundred thousands digit of 1203418?
2
What is the ten thousands digit of 11798?
1
What is the thousands digit of 8363532?
3
What is the tens digit of 241745?
4
What is the thousands digit of 14683305?
3
What is the hundreds digit of 40858551?
5
What is the units digit of 14934426?
6
What is the ten thousands digit of 737995?
3
What is the thousands digit of 39007?
9
What is the thousands digit of 6607132?
7
What is the hundreds digit of 1163825?
8
What is the hundreds digit of 3599855?
8
What is the hundreds digit of 47687?
6
What is the hundreds digit of 4148175?
1
What is the thousands digit of 1597921?
7
What is the hundred thousands digit of 9944179?
9
What is the tens digit of 6597924?
2
What is the thousands digit of 5213085?
3
What is the units digit of 7181942?
2
What is the millions digit of 3036398?
3
What is the hundreds digit of 4924752?
7
What is the tens digit of 17738551?
5
What is the ten thousands digit of 4041168?
4
What is the hundreds digit of 5343020?
0
What is the hundred thousands digit of 270826?
2
What is the hundred thousands digit of 4248304?
2
What is the tens digit of 362223?
2
What is the ten thousands digit of 474815?
7
What is the millions digit of 13129659?
3
What is the units digit of 270117?
7
What is the units digit of 410414?
4
What is the tens digit of 41056179?
7
What is the hundred thousands digit of 960819?
9
What is the thousands digit of 1831773?
1
What is the units digit of 816150?
0
What is the thousands digit of 3541?
3
What is the tens digit of 13791677?
7
What is the tens digit of 263010?
1
What is the tens digit of 1542691?
9
What is the ten thousands digit of 171369?
7
What i